at is the ten millions digit of 880587361?
8
What is the tens digit of 15807830?
3
What is the units digit of 1128088567?
7
What is the hundreds digit of 538452160?
1
What is the hundred thousands digit of 22869426?
8
What is the ten millions digit of 13900243?
1
What is the millions digit of 151524231?
1
What is the ten thousands digit of 2074197540?
9
What is the ten millions digit of 56830985?
5
What is the hundred thousands digit of 89843753?
8
What is the hundreds digit of 604841293?
2
What is the units digit of 17311896?
6
What is the millions digit of 99461856?
9
What is the hundreds digit of 49014962?
9
What is the tens digit of 114496134?
3
What is the ten millions digit of 439218263?
3
What is the millions digit of 199751323?
9
What is the millions digit of 760922787?
0
What is the thousands digit of 27631398?
1
What is the units digit of 6474370?
0
What is the tens digit of 305155471?
7
What is the millions digit of 122077348?
2
What is the tens digit of 516490922?
2
What is the hundreds digit of 1819403145?
1
What is the hundreds digit of 18092291?
2
What is the millions digit of 2190691648?
0
What is the tens digit of 64384010?
1
What is the units digit of 328214796?
6
What is the ten millions digit of 132494488?
3
What is the units digit of 23521370?
0
What is the hundred thousands digit of 50701023?
7
What is the ten millions digit of 187062962?
8
What is the hundred millions digit of 3845415647?
8
What is the hundreds digit of 163579667?
6
What is the millions digit of 3584834330?
4
What is the hundred thousands digit of 5474953785?
9
What is the ten thousands digit of 559726639?
2
What is the millions digit of 75551210?
5
What is the ten thousands digit of 68080699?
8
What is the units digit of 24949010?
0
What is the tens digit of 318496709?
0
What is the hundred thousands digit of 129051616?
0
What is the hundreds digit of 107496301?
3
What is the ten thousands digit of 50611976?
1
What is the ten thousands digit of 963589525?
8
What is the hundreds digit of 444112430?
4
What is the hundreds digit of 861598605?
6
What is the tens digit of 162436945?
4
What is the tens digit of 2968531318?
1
What is the hundreds digit of 42428899?
8
What is the ten thousands digit of 23137737?
3
What is the millions digit of 181790633?
1
What is the hundred thousands digit of 70059257?
0
What is the tens digit of 632184216?
1
What is the hundred millions digit of 1116181061?
1
What is the hundred millions digit of 4792811934?
7
What is the ten thousands digit of 494735963?
3
What is the thousands digit of 38927541?
7
What is the hundreds digit of 2592065985?
9
What is the units digit of 60430768?
8
What is the tens digit of 34285007?
0
What is the hundreds digit of 840320336?
3
What is the billions digit of 1376042113?
1
What is the hundred millions digit of 654033050?
6
What is the hundreds digit of 88659390?
3
What is the tens digit of 263783547?
4
What is the hundreds digit of 1688353287?
2
What is the ten thousands digit of 2337604185?
0
What is the ten thousands digit of 498727155?
2
What is the ten millions digit of 459554778?
5
What is the tens digit of 164425205?
0
What is the ten thousands digit of 45774279?
7
What is the tens digit of 102717138?
3
What is the hundred millions digit of 933343314?
9
What is the hundred thousands digit of 237507178?
5
What is the hundreds digit of 240629651?
6
What is the millions digit of 94432989?
4
What is the hundreds digit of 84678640?
6
What is the ten thousands digit of 44887249?
8
What is the ten millions digit of 1215238052?
1
What is the units digit of 87281913?
3
What is the hundred thousands digit of 72167329?
1
What is the ten millions digit of 99166683?
9
What is the millions digit of 70109929?
0
What is the hundreds digit of 77485872?
8
What is the thousands digit of 175333763?
3
What is the tens digit of 48467660?
6
What is the tens digit of 426930246?
4
What is the hundred millions digit of 2756691279?
7
What is the ten millions digit of 13733501?
1
What is the billions digit of 1596611068?
1
What is the hundreds digit of 4332533?
5
What is the millions digit of 795618614?
5
What is the tens digit of 160957653?
5
What is the ten thousands digit of 5032859?
3
What is the hundreds digit of 242395329?
3
What is the hundred millions digit of 438199532?
4
What is the hundred millions digit of 216311498?
2
What is the hundred thousands digit of 87811954?
8
What is the millions digit of 115675929?
5
What is the hundred thousands digit of 34888666?
8
What is the millions digit of 172881819?
2
What is the hundred thousands digit of 7169181?
1
What is the units digit of 4210422074?
4
What is the millions digit of 186900015?
6
What is the hundred thousands digit of 954908242?
9
What is the hundred thousands digit of 192026681?
0
What is the hundred thousands digit of 47796210?
7
What is the millions digit of 887478675?
7
What is the hundred millions digit of 320995012?
3
What is the hundred thousands digit of 361369454?
3
What is the hundreds digit of 28218674?
6
What is the thousands digit of 113310771?
0
What is the millions digit of 562414176?
2
What is the tens digit of 583684649?
4
What is the tens digit of 366303945?
4
What is the thousands digit of 236465436?
5
What is the hundreds digit of 73565872?
8
What is the ten millions digit of 698993031?
9
What is the hundreds digit of 47518342?
3
What is the units digit of 129160473?
3
What is the units digit of 83002871?
1
What is the units digit of 67212855?
5
What is the hundreds digit of 7267?
2
What is the billions digit of 6622114678?
6
What is the hundreds digit of 33473541?
5
What is the ten thousands digit of 125385444?
8
What is the units digit of 68482650?
0
What is the hundreds digit of 172842066?
0
What is the hundreds digit of 292057536?
5
What is the hundred thousands digit of 95161452?
1
What is the ten millions digit of 163323291?
6
What is the ten thousands digit of 71783444?
8
What is the millions digit of 58476241?
8
What is the tens digit of 104242202?
0
What is the ten millions digit of 131189786?
3
What is the tens digit of 63804807?
0
What is the units digit of 114546467?
7
What is the thousands digit of 86027046?
7
What is the millions digit of 586501956?
6
What is the hundred thousands digit of 52371672?
3
What is the millions digit of 8224177?
8
What is the tens digit of 2845216140?
4
What is the hundred thousands digit of 2498436159?
4
What is the hundred thousands digit of 31592676?
5
What is the thousands digit of 755975837?
5
What is the units digit of 21497370?
0
What is the millions digit of 405368894?
5
What is the millions digit of 57989359?
7
What is the hundred millions digit of 1802305063?
8
What is the hundred thousands digit of 39128951?
1
What is the millions digit of 617582302?
7
What is the tens digit of 415888180?
8
What is the units digit of 59338404?
4
What is the hundreds digit of 269899943?
9
What is the hundred millions digit of 310881623?
3
What is the hundreds digit of 34743373?
3
What is the units digit of 319168151?
1
What is the hundreds digit of 87308301?
3
What is the ten millions digit of 31787534?
3
What is the hundred thousands digit of 170190424?
1
What is the hundred thousands digit of 400915596?
9
What is the hundred millions digit of 184643636?
1
What is the millions digit of 870897633?
0
What is the units digit of 70386549?
9
What is the ten thousands digit of 27612044?
1
What is the ten millions digit of 730114370?
3
What is the tens digit of 5795242206?
0
What is the billions digit of 4476574816?
4
What is the ten millions digit of 1725137645?
2
What is the millions digit of 64271600?
4
What is the hundred thousands digit of 80394872?
3
What is the hundred thousands digit of 6653932221?
9
What is the hundreds digit of 1382422509?
5
What is the hundred thousands digit of 2508619331?
6
What is the units digit of 393514583?
3
What is the ten millions digit of 260615570?
6
What is the ten millions digit of 498448519?
9
What is the billions digit of 7752412223?
7
What is the hundreds digit of 78847929?
9
What is the tens digit of 2919510512?
1
What is the thousands digit of 319674364?
4
What is the tens digit of 296098612?
1
What is the hundreds digit of 197033804?
8
What is the un